 the prime factors of 33124290.
2, 3, 5, 877, 1259
What are the prime factors of 177795046?
2, 11, 13, 19, 32719
List the prime factors of 3686506.
2, 1843253
List the prime factors of 1213777361.
19, 63883019
What are the prime factors of 1006399571?
41, 598691
What are the prime factors of 6817315668?
2, 3, 568109639
List the prime factors of 49698669.
3, 43, 385261
List the prime factors of 64135387.
797, 80471
What are the prime factors of 569374289?
11, 51761299
What are the prime factors of 199231370?
2, 5, 13, 439, 3491
What are the prime factors of 68348316?
2, 3, 101, 56393
List the prime factors of 1172095117.
29, 281, 143833
What are the prime factors of 510909221?
19, 61, 23201
List the prime factors of 3765922570.
2, 5, 41, 9185177
List the prime factors of 54755258.
2, 193, 141853
List the prime factors of 59911659.
3, 1613, 4127
What are the prime factors of 180572091?
3, 7, 293, 29347
What are the prime factors of 12854372?
2, 3213593
What are the prime factors of 32605327?
32605327
What are the prime factors of 1370166937?
1370166937
List the prime factors of 18726429.
3, 6242143
List the prime factors of 3228244779.
3, 1076081593
What are the prime factors of 455521688?
2, 31, 193, 307
What are the prime factors of 341287573?
11, 29, 1069867
What are the prime factors of 1348710095?
5, 521, 517739
List the prime factors of 126967835.
5, 2557, 9931
List the prime factors of 5857483621.
11, 4259, 125029
List the prime factors of 333489141.
3, 89, 223, 1867
What are the prime factors of 2593268594?
2, 7, 185233471
List the prime factors of 103836301.
47, 2209283
List the prime factors of 33266284.
2, 613, 13567
What are the prime factors of 22271489?
22271489
What are the prime factors of 16152418?
2, 73, 317, 349
What are the prime factors of 136842617?
19, 23, 487, 643
What are the prime factors of 107633038?
2, 1319, 40801
List the prime factors of 987728338.
2, 19, 67, 387953
List the prime factors of 189471519.
3, 21052391
What are the prime factors of 722217415?
5, 283, 510401
List the prime factors of 35584274.
2, 11, 661, 2447
What are the prime factors of 1108100516?
2, 12043, 23003
List the prime factors of 302628796.
2, 75657199
What are the prime factors of 9990437?
67, 149111
What are the prime factors of 1226926789?
11, 23, 71, 167, 409
What are the prime factors of 425576442?
2, 3, 37, 97, 19763
What are the prime factors of 7749814748?
2, 13, 11464223
What are the prime factors of 158958627?
3, 52986209
What are the prime factors of 1344175851?
3, 97, 443, 10427
What are the prime factors of 36301247?
613, 59219
What are the prime factors of 5548232650?
2, 5, 167, 664459
What are the prime factors of 3074145?
3, 5, 29, 37, 191
List the prime factors of 26083474.
2, 17, 767161
List the prime factors of 15987341.
19, 349, 2411
List the prime factors of 197201313.
3, 21911257
List the prime factors of 274549602.
2, 3, 45758267
What are the prime factors of 546765308?
2, 641, 213247
List the prime factors of 407266353.
3, 13, 1160303
List the prime factors of 23814623.
7, 1801, 1889
List the prime factors of 5435110090.
2, 5, 59, 131, 70321
What are the prime factors of 8369350216?
2, 23, 677, 67187
List the prime factors of 62278916.
2, 7, 2224247
What are the prime factors of 299862946?
2, 61, 2457893
List the prime factors of 24816006.
2, 3, 337, 4091
List the prime factors of 109984536.
2, 3, 1527563
What are the prime factors of 3516567495?
3, 5, 7, 47, 401, 1777
What are the prime factors of 844732652?
2, 17, 12422539
What are the prime factors of 301251410?
2, 5, 37, 814193
List the prime factors of 4184913618.
2, 3, 23, 83, 121789
What are the prime factors of 3727595860?
2, 5, 709, 262877
List the prime factors of 3907089452.
2, 7, 521, 267829
List the prime factors of 18864416.
2, 19, 23, 71
What are the prime factors of 4975010868?
2, 3, 4943, 83873
What are the prime factors of 155190305?
5, 181, 171481
List the prime factors of 18914065.
5, 3782813
List the prime factors of 2325226039.
37, 79, 795493
List the prime factors of 196255202.
2, 11, 13, 443, 1549
List the prime factors of 398104418.
2, 31, 6421039
What are the prime factors of 967731159?
3, 41, 499, 15767
List the prime factors of 138807563.
2551, 54413
What are the prime factors of 54256494?
2, 3, 23, 109, 3607
What are the prime factors of 48502268?
2, 29, 317, 1319
List the prime factors of 419569715.
5, 83913943
What are the prime factors of 2751790756?
2, 11, 13, 4810823
List the prime factors of 199541177.
11, 109, 163, 1021
What are the prime factors of 1442377557?
3, 53421391
List the prime factors of 5453748418.
2, 71, 263, 146033
What are the prime factors of 278578014?
2, 3, 11, 13, 17, 71, 269
List the prime factors of 28788763.
28788763
What are the prime factors of 30830554?
2, 17, 31, 29251
List the prime factors of 8132040.
2, 3, 5, 7, 461
List the prime factors of 61902807.
3, 47, 9341
List the prime factors of 2783315426.
2, 29, 47988197
List the prime factors of 136578828.
2, 3, 2069, 5501
What are the prime factors of 1271428915?
5, 2953, 86111
What are the prime factors of 301313578?
2, 191, 788779
What are the prime factors of 285316453?
285316453
What are the prime factors of 103639251?
3, 3019, 11443
What are the prime factors of 3263417976?
2, 3, 7, 13, 443, 3373
What are the prime factors of 28948425?
3, 5, 11, 35089
List the prime factors of 170457500.
2, 5, 41, 1663
List the prime factors of 233362184.
2, 11, 1217, 2179
List the prime factors of 32535774.
2, 3, 1807543
What are the prime factors of 2990376675?
3, 5, 11, 13, 92941
List the prime factors of 70456330.
2, 5, 7, 17, 59207
List the prime factors of 7987017.
3, 2662339
What are the prime factors of 4599378012?
2, 3, 71, 5398331
What are the prime factors of 4545582901?
257, 823, 21491
What are the prime factors of 916424009?
821, 1116229
List the prime factors of 889466122.
2, 444733061
List the prime factors of 62811577.
59, 109, 9767
What are the prime factors of 177904373?
43, 4137311
What are the prime factors of 85834457?
19, 4517603
What are the prime factors of 11987125?
5, 17, 5641
List the prime factors of 2010284030.
2, 5, 317, 634159
List the prime factors of 2770856192.
2, 13, 61, 13649
What are the prime factors of 416180101?
23, 43, 420809
List the prime factors of 420746188.
2, 105186547
What are the prime factors of 2969170923?
3, 41, 3499, 6899
What are the prime factors of 64586139?
3, 23, 40697
What are the prime factors of 223582257?
3, 29, 856637
List the prime factors of 461853188.
2, 29, 73, 54541
What are the prime factors of 95253943?
95253943
List the prime factors of 6207362868.
2, 3, 7, 37, 43, 46447
What are the prime factors of 1981231187?
13, 17, 521, 17207
List the prime factors of 851485743.
3, 1303, 24203
What are the prime factors of 976724753?
976724753
List the prime factors of 197782406.
2, 98891203
List the prime factors of 91699268.
2, 22924817
What are the prime factors of 179818549?
179818549
What are the prime factors of 157612195?
5, 13, 53, 45751
List the prime factors of 983271540.
2, 3, 5, 43, 97, 3929
What are the prime factors of 4879039194?
2, 3, 113, 131, 18311
List the prime factors of 2881826113.
53003, 54371
What are the prime factors of 155263194?
2, 3, 8625733
What are the prime factors of 47531817?
3, 691, 7643
List the prime factors of 325969663.
53, 2267, 2713
List the prime factors of 136524714.
2, 3, 53, 373, 1151
What are the prime factors of 1843382348?
2, 103, 1237, 3617
List the prime factors of 603011498.
2, 6011, 50159
List the prime factors of 771375261.
3, 179, 307, 4679
List the prime factors of 74854229.
74854229
What are the prime factors of 22270589?
11, 2024599
What are the prime factors of 39821656?
2, 7, 53, 13417
List the prime factors of 3510495627.
3, 281, 4164289
What are the prime factors of 32944650?
2, 3, 5, 47, 4673
List the prime factors of 4726240.
2, 5, 109, 271
List the prime factors of 74303133.
3, 23, 29, 71, 523
List the prime factors of 70812899.
1543, 45893
What are the prime factors of 5550183360?
2, 3, 5, 23, 3643
What are the prime factors of 3110837301?
3, 11, 13, 19, 127217
List the prime factors of 1912620870.
2, 3, 5, 17, 416693
List the prime factors o